alculate the greatest common divisor of a and t.
25
Let f be (8 + -14)*3/(-6). Calculate the greatest common divisor of f and 537.
3
Suppose 4*z + d - 1039 = 0, 2*z - d - 128 - 387 = 0. Calculate the highest common divisor of 37 and z.
37
Let n be (-1)/(-3)*(-147)/28*-4. Let k be n/(3 + 55/(-20)). What is the highest common divisor of k and 14?
14
Let o(y) = 7*y + 5. Let w(d) = -d**2 - 2*d - 3. Let h be w(-2). Let z be o(h). Let g be 1/4 - 2300/z. Calculate the greatest common factor of 16 and g.
16
Suppose 0 = -5*t - 103 + 323. Suppose -6*r = 2*f - 2*r - 26, 0 = -3*f - 4*r + 37. What is the greatest common factor of f and t?
11
Suppose 0 = h + 2*h - 825. Suppose -2*j = -4*y + 592 - 62, h = 2*y + j. What is the greatest common factor of 15 and y?
15
Let z = 428 + -257. Let x be 1*((-3 - -5) + -3). Let k(h) = -20*h**3 - h**2 + 2*h + 2. Let w be k(x). What is the greatest common factor of z and w?
19
Suppose 25*z = 18*z. Suppose 5*u + 5*l - 115 = z, 3*u - 3*l + 9 - 60 = 0. What is the highest common divisor of u and 10?
10
Suppose -y + 1 + 1 = 0. Suppose -104 = -4*t + 2*n, -2*t + 0*n + 58 = y*n. Calculate the highest common factor of 297 and t.
27
Suppose 5*n = -5*s - 6 - 24, -3*s + 6 = -5*n. Let h(w) = 9*w**2 - 6. Let j be h(s). Calculate the greatest common divisor of j and 15.
15
Suppose 5*p - 417 = 5*k - 1392, 0 = k + 4*p - 170. Suppose -20 + 192 = 4*g + 4*z, 3*g = -5*z + 139. Calculate the greatest common factor of k and g.
38
Suppose 8*z = 13672 - 13112. Let h(p) = 10*p. Let l be h(4). What is the highest common factor of z and l?
10
Let n be (-1 - (-10404)/50) + 1744/(-21800). Let g be (4/10)/((-2)/30). Let i be (1 - -2)*(-46)/g. Calculate the greatest common divisor of n and i.
23
Suppose 94 = -8*b + 302. What is the greatest common factor of 4 and b?
2
Let v be -2*(3/(-2) - 0). Suppose 0 = 2*h - 10, 14 = -v*y + 4*h - 0. Let x be (2 - 8/y)*-6. What is the highest common divisor of 3 and x?
3
Suppose 2*i - 39 + 5 = 0. Suppose -4*z - 12 = 0, -p - 2*z - 2 = -5. Suppose 3*j + 114 = 2*m, -2*j + 1 = p. What is the highest common divisor of m and i?
17
Suppose 9345 = 70*s - 595. What is the greatest common divisor of s and 2911?
71
Suppose 51*t + 5 = 56*t, -2*h + 891 = -5*t. What is the greatest common divisor of 256 and h?
64
Let w(b) = -b + 8. Let t be w(-6). Let q = 11 - t. Let y be (-5 - q) + (14 - 2). Calculate the highest common divisor of y and 10.
10
Suppose 47*b - 48*b = -7. Calculate the highest common factor of 7 and b.
7
Let j = 38 - -87. Suppose 5*w - 219 = -4*k, -3*w - 408 = -5*k - j. What is the highest common divisor of 7 and k?
7
Suppose 0 = 13*y + 5 - 460. Let f be (3/(63/(-15)))/((-7)/49). What is the greatest common divisor of y and f?
5
Suppose 1647*v - 300 = 1622*v. Suppose 2*f - 6 = -0*f, r - f - 81 = 0. Calculate the highest common divisor of r and v.
12
Let p = 128 + -86. Let w be 4/(-10) - -3*p/15. What is the highest common factor of w and 2?
2
Let m(h) = -3 + 5*h**3 - 5*h**2 - 2*h**3 + h + 6. Let x be m(5). Let s = x + -50. What is the highest common divisor of s and 26?
26
Suppose -4*b + 30 = 2*x, -5*x + 3*b + 5 = -4*x. Suppose 0 = 3*t + 12, 3*n - 2*t - 126 = 137. Let m = n + -41. What is the greatest common factor of x and m?
11
Let m = 58 + -39. Let n(l) = l**3 - 6*l**2 - l - 3. Let i be n(6). Let p be (-38)/(-3)*i/(-6). What is the highest common factor of m and p?
19
Let l(n) = -4*n - 12. Suppose 0 = 5*q + 50. Let a be l(q). What is the highest common divisor of a and 14?
14
Let d(s) = 2*s**2 - 35*s + 182. Let u be d(7). What is the greatest common factor of 63 and u?
7
Suppose 1138 = 5*h - 2*k, -4*k + 9 = -15. Suppose g + 92 = 5*g. What is the highest common factor of g and h?
23
Let l be 2 + (32 + 8)/10. Let r be 0 + 2 + (-2 - 0). Let k be 0 + r + 17 + 1. Calculate the greatest common factor of k and l.
6
Let w = -2207 + 2340. What is the greatest common factor of w and 570?
19
Suppose g = -4*g + 10. Suppose y + g*y + 2*s = 15, s = y. Let j be y/(-12) - 81/(-4). What is the highest common factor of 8 and j?
4
Let s be ((-246)/3)/(1/3*-2). Suppose 0*k + 3*w - s = -3*k, -124 = -3*k - 4*w. Calculate the greatest common divisor of 16 and k.
8
Suppose -2*d + 3*k + 6 = 0, 4*k - k = 12. What is the highest common divisor of 18 and d?
9
Let t(z) = 9*z**2 + z. Let h(c) = -c - 8. Let l be h(-11). Let m be t(l). What is the greatest common divisor of 21 and m?
21
Let c = 3 - -1. Let t(w) = -2*w + 7*w**2 + 0 - 1 + 2 - 2. Let q be t(-1). Calculate the highest common divisor of q and c.
4
Suppose 3*t - 4*p - 2 = 0, -5*t + 2*p - 8 = p. Let l(w) = -9*w - 3. Let o be l(t). Calculate the greatest common divisor of 3 and o.
3
Suppose -n = -6*n + 640. Suppose 0 = -2*u - u + 24. Suppose -11*a + 48 = -u*a. Calculate the highest common factor of a and n.
16
Suppose 5*r = 656 + 2479. Calculate the greatest common factor of r and 114.
57
Suppose -20*m + 3403 = -3497. What is the greatest common factor of 23 and m?
23
Let r(y) = 2*y**2 - 11*y - 34. Let g be r(8). Calculate the greatest common divisor of 57 and g.
3
Let w(a) = -a**2 - 4*a + 12. Let u be w(-6). Suppose u = 3*t + 14 - 47. Calculate the highest common factor of t and 1.
1
Suppose 0*y - 3*y + 4*x = -172, 2*x = -3*y + 184. Calculate the highest common divisor of y and 348.
12
Let a(v) = v**2 + 3*v + 10. Let b be a(0). Suppose 2*u = -b + 402. Calculate the highest common factor of 28 and u.
28
Let l = 880 - 764. What is the highest common factor of l and 16?
4
Let z(p) = p - 6 + 3*p**2 - 1 + 3*p. Let q be z(6). Let s = 991 + -966. What is the greatest common factor of q and s?
25
Let k be (-198)/(-2) - 0/(-6). Let w be (3/4)/(7/112) - 3. Calculate the highest common divisor of k and w.
9
Suppose -17*m - 2*m = -1672. Calculate the highest common divisor of 946 and m.
22
Let h(x) = 7*x**3 - x**2 + x - 1. Let u be (-30)/(-9) + 2/3. Suppose 0 = -5*g + 1 + u. Let f be h(g). What is the greatest common factor of 66 and f?
6
Let i = 590 - 582. Calculate the highest common factor of i and 244.
4
Let n be 54/(-45) + 1/5. Let b = n + -7. Let o be (-6 - 1)*b/2. What is the highest common divisor of 252 and o?
28
Let o = 71 - 66. Suppose -8*c = -o*c - 957. What is the highest common factor of 29 and c?
29
Suppose -8*p + 36 = -6*p. Let k(x) = x**2 - 14*x - 18. Let t be k(p). What is the greatest common divisor of 9 and t?
9
Suppose -4*u = -y - 294 + 39, 5*u - 2*y = 315. Suppose -3*t = -6*w + 3*w - 84, -t + 36 = -5*w. Calculate the highest common factor of u and t.
13
Let l be (-348)/(-42) + (-6)/21. Let f(i) = -i**3 + 8*i**2 + 5*i. Let w be f(l). Suppose -35*v = -36*v + w. Calculate the highest common factor of v and 20.
20
Suppose 4*q - 35 = -5*z, q + 5*z = -q + 5. Let y(d) = d - 9. Let a be y(8). Let g be (a + -1)/(20/(-30)). What is the highest common divisor of q and g?
3
Let q = -43 + 76. Suppose -5*r - j = -112, r - 2*j = 3*j + 12. What is the greatest common factor of q and r?
11
Let f(j) = j**3 + 14*j**2 - 16*j. Let z be f(-15). What is the greatest common factor of z and 5?
5
Let k = -65 + 143. Suppose 16*n = 17*n - k. Calculate the highest common factor of 52 and n.
26
Let i = -407 + 411. Calculate the greatest common divisor of 6 and i.
2
Suppose -14*y = 7*y - 11088. Calculate the greatest common divisor of y and 44.
44
Suppose -186 = -30*l + 294. Suppose -2*s - s + 24 = 0. Calculate the highest common factor of s and l.
8
Let t(j) = j + 9. Let m be t(7). Let x = -8 - -136. Calculate the greatest common factor of m and x.
16
Suppose -83*j + 204 = -80*j. Calculate the greatest common divisor of j and 17.
17
Let o = 46 - 46. Suppose 3*d - 4*b = 57 - 11, o = 2*d + b - 16. Calculate the greatest common divisor of d and 10.
10
Let w = -9508 + 13624. Calculate the highest common factor of 12 and w.
12
Suppose -85 = -5*d + 440. Suppose -11 - 1 = -4*h. Suppose -h*n + 7*n = 60. What is the greatest common factor of d and n?
15
Suppose 8*o = -470 + 1590. What is the highest common factor of o and 28?
28
Let p(v) = -7*v + 12. Let z(u) = 3*u - 5. Let w(b) = 6*p(b) + 15*z(b). Let n be w(15). What is the highest common factor of n and 14?
14
Let b(c) = -2*c**3 - 25*c**2 + 42*c + 56. Let f be b(-14). What is the highest common factor of 128 and f?
8
Let g(i) = 89*i + 540. Let z be g(-5).